of f(7)?
7
Let h be -1 + 2/(6/9). Let v(s) = 2*s**3 + s**2 - 1. What is the tens digit of v(h)?
1
Let z(b) = 8*b - 11. Suppose -15 = -y + 4*d, 2*d = -5*y + 6*d + 43. What is the tens digit of z(y)?
4
Let m(v) = 23 - 6 - 8 + 7*v. What is the units digit of m(7)?
8
Suppose -2*z + 10 = 5*x - 12, 0 = -5*x - 3*z + 23. Let j be (-5)/((-10)/x) + -2. Suppose j = -2*g - g + 21. What is the units digit of g?
7
Suppose 4*j = 2*u + 134, 0 = j + 4*u + 4 - 33. Suppose -103 + j = -2*l. What is the tens digit of l?
3
Let a = -82 + 115. What is the units digit of a?
3
Let d = 115 - 33. What is the units digit of d?
2
Let z be (-1 - -1)*(-1 + 0). Suppose 4*b = -z*b + 80. What is the tens digit of b?
2
Suppose 10 = 3*s + 4*n - 0*n, -8 = -2*n. Let l = s - -7. What is the units digit of l?
5
Let q = -5 - -1. Let c be 12/(-3*q/(-18)). Let s = -12 - c. What is the units digit of s?
6
Let q = -16 - -234. What is the units digit of q?
8
Let z = 46 - 19. Suppose 3*n - z = -3*s, 0*s - 15 = -5*n + 5*s. What is the units digit of n?
6
Suppose -s = -5*s + 4. What is the units digit of s?
1
Suppose -2*b = -2*y + 530, -2*b - 1329 = -5*y - b. What is the tens digit of y?
6
Let i(a) = a**2 - 5*a - 1. Let w be 6/36 + 94/12. What is the tens digit of i(w)?
2
Let b(y) = y**2 - 7*y + 8. Let p be b(7). Suppose 4*n - d = p, -2*n - 3*d = -2*d - 10. Suppose n*w - 6*w + 3 = 0. What is the units digit of w?
1
Suppose p = 3*p - 4. Suppose -3*g - p = -11. What is the units digit of (1/2)/(g/30)?
5
Let i(m) = -2*m - 3. Let w be i(-3). Suppose -p - 4*p + 25 = 0. Suppose 4*j - p - 12 = v, -24 = -w*j + 3*v. What is the units digit of j?
3
Let y(g) = 10*g + 2. Suppose 5*b - 3 - 7 = 0. What is the units digit of y(b)?
2
What is the tens digit of (-3)/3*(-129)/3?
4
Suppose -3*t = 4*t - 70. What is the units digit of t?
0
What is the tens digit of 8/(-14) - 7272/(-84)?
8
What is the tens digit of 4284/98 - (-2)/7?
4
Let z = 80 + -48. What is the tens digit of z?
3
Suppose -4*i + 3*i + 145 = 0. Suppose -j = -6*j + i. What is the units digit of j?
9
Suppose -h = -4*g - 67, -g + 2*g + 5*h + 22 = 0. Let x = -9 - g. Suppose k - 3 = x. What is the units digit of k?
1
Suppose -5*v - 20 = 5*p, p + 2*v - 4*v = 5. Let a be (-1)/1*(p + -2). Let q(f) = -f + 5. What is the units digit of q(a)?
2
Suppose -m - 40 = -13. Let w = -17 - m. What is the tens digit of w?
1
Suppose -4*g - 76 = -1084. What is the tens digit of g?
5
Let f be (4/14)/(9/126). Let y = 38 + f. What is the units digit of y?
2
Suppose -3*o - 263 = -3*p + 109, 0 = p + 3*o - 132. What is the hundreds digit of p?
1
Let n(d) = 2*d**2 + d - 8. Let b(z) = -4*z**2 - z + 17. Let c(v) = -6*b(v) - 13*n(v). Let r be c(-5). What is the units digit of 2/(3 + -5)*r?
3
Suppose u + 2*u + 4 = 2*h, 2*h - u - 8 = 0. Suppose 8 = -h*g - 4*m + 25, 3*g - m = 0. What is the units digit of g?
1
Let i = 65 + -44. Let y = -12 + i. What is the units digit of y?
9
Suppose -91 = -n - 3*y, n + 3*n - 4*y = 380. What is the tens digit of n?
9
Let s(b) = b**2 + 16*b - 10. Let d(f) = -17*f**2. Let o be d(1). What is the units digit of s(o)?
7
Let w(q) = q**2 + 9*q + 9. Let i be w(-8). Let j = i - -4. What is the units digit of j?
5
Suppose 7*d = 3*d - 56. Let j = d + 18. What is the units digit of j?
4
Let f(u) = u**2 - u - 4. Let q be f(3). Suppose -2*s - 4*r + 100 = q*s, -5*r + 15 = 0. What is the units digit of s?
2
Suppose 5*y - 15 = -0. Let h(z) = -z**3 + 3*z**2 + 3*z - 3. Let q be h(y). What is the units digit of (1 + q/(-4))*-18?
9
Let x = -2 + 1. Let t(l) = -6*l - 1. Let d be t(x). Suppose 6*z - z + 40 = 5*y, -d*y = -z - 24. What is the units digit of y?
4
Suppose 0 = -3*a + 13 + 41. Let q = -6 + a. What is the units digit of q?
2
Suppose 2*m = -3*g + 5, -5 = -5*g - 0*m - 5*m. Suppose 0 = g*u + 6*h - h - 66, 0 = -5*u - 2*h + 91. What is the tens digit of (0 - -2)*u/2?
1
Suppose j = 2*j - 2. Suppose -7 - 5 = -3*p. Suppose -3*t = -j*t + p*b - 9, 2*b = -5*t + 27. What is the units digit of t?
5
Let h = 2 + -2. Suppose -2*c + x - 16 = h, -48 = 5*c + 2*x + 1. Let v(f) = -2*f - 8. What is the tens digit of v(c)?
1
Let b be (-4 + 2)*(-2 - -1). Suppose b*m = p - 12, 4*p + 5*m - m - 72 = 0. What is the units digit of p?
6
Suppose -6 + 3 = -v. Suppose -2*s = -u - 17 - v, 4*s = -3*u + 40. What is the units digit of s?
0
What is the units digit of 1/(-3) + (-196)/(-12)?
6
Suppose 5*l + 20 = 0, -l + 312 = 3*p + 2*l. Suppose -5*b + p = -4*m, -3*b + 63 = -3*m - 3. What is the units digit of b?
0
Let s(d) = -d**3 - 2*d**2 - 5. Let v be s(4). Let t = 144 + v. What is the tens digit of t?
4
Let o = -12 + 6. What is the units digit of (-10)/(-3) + 2/o?
3
Let h(n) be the second derivative of n**4/12 - n**3/3 - 3*n**2 - n. Suppose -m + 10 = 14. What is the tens digit of h(m)?
1
Let l(u) = u**3 + 9*u**2 + 10*u - 3. What is the tens digit of l(-7)?
2
Let q = 9 - 5. Suppose q*j - 3*j = 4. Suppose -p - t = 0, 5*p + 3*t - j = -t. What is the units digit of p?
4
Let h be (-2)/8 - (-13)/4. Suppose 2*u - 6 = -h*n - 1, 3*n = -5*u + 8. What is the tens digit of 1 + (-2)/u - -11?
1
Let u = 8 + -5. Suppose 3*g + 2*g - 116 = -z, 4*z = u*g - 65. What is the units digit of g?
3
Suppose 3*f + 8 = o + 23, 5*o + 15 = 0. Let y = -31 - -75. Suppose f*m - y + 8 = 0. What is the units digit of m?
9
Let s = 14 - 12. What is the tens digit of s - (-3)/((-9)/(-60))?
2
Suppose i + 30 = 4*i. Let n be 2/10 - (-48)/i. What is the units digit of 10/(-25) + 32/n?
6
Let j be -3*(-4)/30*5. Let i be (-2)/((-2)/(-1)) + j. Suppose -4 = -d + i. What is the units digit of d?
5
Let y(r) = r**2 + 3. Let h = -1 - -4. Let p be y(h). Let g = p + -3. What is the units digit of g?
9
Let l = -5 - -8. Let y be l - ((2 - 0) + -4). Suppose 3*h - 3*i + 23 = 5*h, 0 = y*h - i - 49. What is the tens digit of h?
1
Let u(d) = -d**2 - 5*d + 1. Let q(t) = -1. Let x(s) = 5*q(s) + u(s). Suppose 4*i - 3 = -3*w, 3*w - 2*i + 21 = 2*i. What is the units digit of x(w)?
2
Let l(h) = -h - 6. Let t be l(-6). Suppose -4*z - 3*r + 9 = -8*r, t = z - 2*r - 3. Suppose -3 - z = -b. What is the units digit of b?
4
Let g be 2/(-10) - 27/15. Let w be (13 - g)*1/3. Let p = w + -4. What is the units digit of p?
1
Let a = -120 + 67. Let v = -24 - a. What is the tens digit of v?
2
Suppose -2*x + 4*u + 24 = u, 0 = 5*x + 5*u - 85. What is the units digit of (-92)/(-6) - (-10)/x?
6
Let f(s) = -s**3 + 0*s - 2*s**2 + 5*s + 4 - s. What is the units digit of f(-4)?
0
What is the units digit of -12 - -15 - -60*1?
3
Let m(x) = 16*x - 29. What is the tens digit of m(16)?
2
Suppose 16 = f + f. Suppose -4*h + 5*h - 9 = -4*u, -2*u - 4*h = -f. Suppose -u*v - 21 = -5*v. What is the units digit of v?
7
Suppose 0 = -l + 5*l - 8. Suppose 2*c - c + l = 0. What is the units digit of 3/((-10)/6 - c)?
9
Let s be (-50)/(-6) + 1/(-3). Suppose -n = 2*w - 24, 4*w + 16 = s*w. What is the units digit of n?
6
Let p(k) = k**3 - 28*k**2 + 57*k + 22. What is the units digit of p(26)?
2
Suppose -8 = -j + 23. Suppose 3*i + q + q = 13, 5*i = -q + j. Suppose 4*u + 1 = -i, -3*t - 3*u - 3 = 0. What is the units digit of t?
1
Let z = -62 - -69. What is the units digit of z?
7
Let c be (-36)/4 - (3 + -1). Let y = 16 + c. Suppose 4*u - y = -u. What is the units digit of u?
1
Let b(a) = 8*a**3 + 2*a**2 - 2*a - 1. What is the tens digit of b(2)?
6
Suppose g + 40 = -3*g. Suppose -2*x + 18 = -26. Let n = x + g. What is the tens digit of n?
1
Suppose 3*p + 24 = 57. What is the units digit of p?
1
Suppose -13*x + 1791 = -2798. What is the tens digit of x?
5
Let v be (1 + -7)*6/(-9). Suppose -v*x + 12 = -0*x. Suppose -4*q + 4*l + 1 = -7, x*l - 1 = -4*q. What is the units digit of q?
1
Let c(b) = 6*b + 1. Let h be c(5). Let w = h - 19. What is the units digit of w?
2
What is the units digit of -6*(-38)/(-8)*(-8)/6?
8
Let y(n) = 12*n**2 + n. Let m be y(2). Suppose -3*l + m = 4*q, -3*q - 12 = -l - 56. What is the tens digit of q?
1
Let w(o) = -o**2 - 5*o. Let v be w(-3). Suppose -4*n - 5*q = 0, -v*n + n = -5*q. Suppose n*y + y = 4. What is the units digit of y?
4
Let b(c) = 12*c - 3. Let p be b(2). Let z = 65 - p. What is the tens digit of z?
4
Suppose -2 = 2*u - 6. Suppose 2*d - 24 = -2*y + 10, -14 = -d + u*y. What is the units digit of d?
6
Let p be (-3)/9 - 7/(-3). Suppose -v + 63 = p*v. What is the tens digit